te the remainder when 98 is divided by 30.
8
Calculate the remainder when 686 is divided by 260.
166
What is the remainder when 197 is divided by 51?
44
What is the remainder when 615 is divided by 46?
17
Calculate the remainder when 67 is divided by 27.
13
What is the remainder when 584 is divided by 39?
38
Calculate the remainder when 2726 is divided by 339.
14
What is the remainder when 1398 is divided by 40?
38
Calculate the remainder when 51 is divided by 26.
25
Calculate the remainder when 1586 is divided by 512.
50
Calculate the remainder when 502 is divided by 5.
2
What is the remainder when 161 is divided by 75?
11
What is the remainder when 129 is divided by 10?
9
What is the remainder when 94 is divided by 70?
24
Calculate the remainder when 474 is divided by 53.
50
What is the remainder when 15712 is divided by 7?
4
What is the remainder when 406 is divided by 83?
74
What is the remainder when 2462 is divided by 29?
26
Calculate the remainder when 303 is divided by 284.
19
Calculate the remainder when 323 is divided by 110.
103
Calculate the remainder when 73 is divided by 12.
1
What is the remainder when 7 is divided by 5?
2
Calculate the remainder when 465 is divided by 262.
203
What is the remainder when 3609 is divided by 86?
83
What is the remainder when 151 is divided by 39?
34
Calculate the remainder when 31 is divided by 23.
8
Calculate the remainder when 18 is divided by 2.
0
Calculate the remainder when 1265 is divided by 67.
59
Calculate the remainder when 364 is divided by 96.
76
Calculate the remainder when 1487 is divided by 366.
23
Calculate the remainder when 11 is divided by 7.
4
Calculate the remainder when 46 is divided by 8.
6
Calculate the remainder when 154 is divided by 24.
10
What is the remainder when 1958 is divided by 98?
96
Calculate the remainder when 193 is divided by 30.
13
What is the remainder when 124 is divided by 47?
30
Calculate the remainder when 382 is divided by 16.
14
Calculate the remainder when 842 is divided by 175.
142
What is the remainder when 634 is divided by 58?
54
Calculate the remainder when 51 is divided by 14.
9
Calculate the remainder when 162 is divided by 55.
52
What is the remainder when 27 is divided by 8?
3
Calculate the remainder when 62 is divided by 6.
2
Calculate the remainder when 829 is divided by 165.
4
What is the remainder when 185 is divided by 56?
17
Calculate the remainder when 1308 is divided by 9.
3
What is the remainder when 147 is divided by 37?
36
What is the remainder when 431 is divided by 89?
75
What is the remainder when 324 is divided by 83?
75
Calculate the remainder when 115 is divided by 17.
13
Calculate the remainder when 455 is divided by 4.
3
Calculate the remainder when 3124 is divided by 149.
144
What is the remainder when 4405 is divided by 66?
49
Calculate the remainder when 172 is divided by 39.
16
What is the remainder when 833 is divided by 411?
11
Calculate the remainder when 429 is divided by 40.
29
Calculate the remainder when 288 is divided by 90.
18
Calculate the remainder when 634 is divided by 172.
118
What is the remainder when 140 is divided by 37?
29
Calculate the remainder when 1055 is divided by 59.
52
Calculate the remainder when 49 is divided by 28.
21
What is the remainder when 432 is divided by 42?
12
What is the remainder when 60 is divided by 51?
9
Calculate the remainder when 29 is divided by 12.
5
What is the remainder when 143 is divided by 77?
66
Calculate the remainder when 9238 is divided by 168.
166
What is the remainder when 340 is divided by 160?
20
Calculate the remainder when 312 is divided by 48.
24
What is the remainder when 5433 is divided by 26?
25
Calculate the remainder when 1149 is divided by 25.
24
Calculate the remainder when 381 is divided by 129.
123
Calculate the remainder when 786 is divided by 9.
3
What is the remainder when 2022 is divided by 950?
122
Calculate the remainder when 1184 is divided by 77.
29
Calculate the remainder when 501 is divided by 248.
5
What is the remainder when 4278 is divided by 20?
18
Calculate the remainder when 8 is divided by 6.
2
What is the remainder when 516 is divided by 230?
56
What is the remainder when 26 is divided by 10?
6
What is the remainder when 175 is divided by 88?
87
Calculate the remainder when 321 is divided by 17.
15
What is the remainder when 287 is divided by 10?
7
Calculate the remainder when 417 is divided by 19.
18
Calculate the remainder when 135 is divided by 64.
7
Calculate the remainder when 352 is divided by 190.
162
What is the remainder when 223 is divided by 7?
6
What is the remainder when 23958 is divided by 147?
144
Calculate the remainder when 233 is divided by 98.
37
Calculate the remainder when 189 is divided by 55.
24
What is the remainder when 885 is divided by 291?
12
Calculate the remainder when 538 is divided by 60.
58
What is the remainder when 199 is divided by 10?
9
What is the remainder when 304 is divided by 101?
1
What is the remainder when 727 is divided by 122?
117
Calculate the remainder when 286 is divided by 48.
46
Calculate the remainder when 347 is divided by 61.
42
Calculate the remainder when 19114 is divided by 54.
52
What is the remainder when 71 is divided by 37?
34
Calculate the remainder when 123 is divided by 16.
11
Calculate the remainder when 41 is divided by 21.
20
Calculate the remainder when 127 is divided by 36.
19
Calculate the remainder when 82 is divided by 45.
37
What is the remainder when 250 is divided by 231?
19
What is the remainder when 545 is divided by 24?
17
What is the remainder when 966 is divided by 44?
42
Calculate the remainder when 598 is divided by 119.
3
Calculate the remainder when 5100 is divided by 63.
60
Calculate the remainder when 342 is divided by 151.
40
Calculate the remainder when 147 is divided by 74.
73
Calculate the remainder when 770 is divided by 326.
118
Calculate the remainder when 2112 is divided by 7.
5
Calculate the remainder when 1848 is divided by 41.
3
Calculate the remainder when 343 is divided by 174.
169
What is the remainder when 1430 is divided by 36?
26
What is the remainder when 285 is divided by 13?
12
What is the remainder when 3313 is divided by 17?
15
What is the remainder when 1683 is divided by 34?
17
What is the remainder when 175 is divided by 62?
51
What is the remainder when 213 is divided by 38?
23
What is the remainder when 11334 is divided by 28?
22
Calculate the remainder when 570 is divided by 143.
141
Calculate the remainder when 6284 is divided by 7.
5
What is the remainder when 47 is divided by 13?
8
Calculate the remainder when 104 is divided by 20.
4
What is the remainder when 2788 is divided by 31?
29
Calculate the remainder when 167 is divided by 60.
47
Calculate the remainder when 2029 is divided by 120.
109
What is the remainder when 260 is divided by 139?
121
What is the remainder when 391 is divided by 189?
13
Calculate the remainder when 753 is divided by 341.
71
Calculate the remainder when 10587 is divided by 30.
27
Calculate the remainder when 61 is divided by 7.
5
What is the remainder when 2474 is divided by 32?
10
Calculate the remainder when 655 is divided by 75.
55
Calculate the remainder when 94 is divided by 12.
10
Calculate the remainder when 605 is divided by 29.
25
What is the remainder when 501 is divided by 70?
11
What is the remainder when 11453 is divided by 83?
82
Calculate the remainder when 3472 is divided by 5.
2
What is the remainder when 115 is divided by 35?
10
What is the remainder when 35 is divided by 9?
8
What is the remainder when 2138 is divided by 102?
98
Calculate the remainder when 755 is divided by 14.
13
What is the remainder when 337 is divided by 18?
13
Calculate the remainder when 15107 is divided by 12.
11
What is the remainder when 39 is divided by 30?
9
What is the remainder when 12767 is divided by 3?
2
Calculate the remainder when 493 is divided by 64.
45
What is the remainder when 139 is divided by 22?
7
Calculate the remainder when 23717 is divided by 134.
133
Calculate the remainder when 145 is divided by 123.
22
What is the remainder when 4360 is divided by 24?
16
What is the remainder when 89 is divided by 30?
29
What is the remainder when 54 is divided by 26?
2
What is t